is divided by y?
4
Let b(l) = -l**3 + 2*l**2 + 16*l + 3. Let q be 172/3 - (-4)/6. Let d = -35 + q. Calculate the remainder when d is divided by b(5).
7
Suppose 0 = -2*h - 2*h. Suppose h = 4*t - 3*v + 2, -4*t = v - 6. Calculate the remainder when 4 is divided by ((-2)/(-1) - 0)*t.
0
Let m(u) = -u**2 - 8*u + 2. Let n = 39 + -34. What is the remainder when m(-7) is divided by n?
4
Let t(i) = -i**2 + 8*i. Let p be t(7). Let y = p - 5. Calculate the remainder when 6 is divided by y.
0
Suppose 0 = -4*i - 5*i + 3321. Calculate the remainder when i is divided by 31.
28
Let u = 5 + -3. What is the remainder when 5 is divided by u?
1
Suppose -k = -3*k + 34. What is the remainder when k is divided by ((-72)/20)/((-4)/10)?
8
Suppose 0 = 5*c + 2*j - 44, 4*c + 17 = 6*c + j. Suppose 5*z - c + 0 = 0. What is the remainder when 3/z*52/6 is divided by 5?
3
Calculate the remainder when (-3 + 0)/(6/(-28)) is divided by (63/(-28))/(3/(-12)).
5
What is the remainder when 54 is divided by 11 + (-2)/(-6) + (-56)/(-21)?
12
Suppose n - 16 = -n + 3*o, 4*o = -8. Calculate the remainder when 24 is divided by n.
4
Let h be 2/(-11) + (-40)/22. Let i = -2 + 14. Calculate the remainder when 23/(-2)*(0 + h) is divided by i.
11
Suppose -2*y - y = -k - 20, -3*y + 28 = k. What is the remainder when 22 is divided by y?
6
Suppose m = 6*n - n + 22, -4*n = -12. Let d = m - 23. What is the remainder when d is divided by 4?
2
Let u = 13 + -5. Let p be 58/(-4) + 1/2. Calculate the remainder when (-175)/p*(-12)/(-10) is divided by u.
7
Suppose -160 = -2*q - y - 4*y, 4*y = 3*q - 286. What is the remainder when q is divided by 25?
15
Suppose 0 = -5*p + 3*q + 108, -8*p + 3*p - 2*q + 103 = 0. Calculate the remainder when 62 is divided by p.
20
Suppose -25 = -s + 10. What is the remainder when s is divided by 19?
16
Let r be (0 - -2) + 1 + 10. Suppose -v = -b + r, -2*v = b - 2*b + 11. Let i(o) = -o**2 - 7*o + 8. What is the remainder when b is divided by i(-7)?
7
Suppose f + 119 = 5*x, -4*f = -2 - 2. What is the remainder when x is divided by 7?
3
Let f(m) = -4*m + 45*m**3 - 3 - 5*m - 92*m**3 - 8*m**2 + 46*m**3. Let l = 15 - 22. Calculate the remainder when 21 is divided by f(l).
10
Let h = -56 - -195. Calculate the remainder when h is divided by 70.
69
Suppose -11*y = -12*y + 23. What is the remainder when y is divided by 16?
7
Let x(r) = r**2 + r + 7. Suppose -5*i + 97 = 3*v, 3*i + 101 = 8*i + 4*v. What is the remainder when x(6) is divided by i?
15
Suppose -2*h + 118 = 2*g, -3*g - 212 = -4*h + g. Suppose 5*w - 3*f = 2*w + 51, -4*f + 103 = 5*w. What is the remainder when h is divided by w?
18
Let b = 12 - 21. What is the remainder when 38 is divided by 148/12 - 6/b?
12
Let x(v) = 2*v**2 + 6*v - 2. Let b be x(-4). Suppose a + 95 = b*a. Let r(w) = -w**3 - w**2 + 3*w + 1. What is the remainder when a is divided by r(-3)?
9
Let d(s) = -s - 5. Suppose 2*l = -10, i + 4*l + 19 = 2*i. Let r be (-3)/(-3)*i + -7. Calculate the remainder when d(r) is divided by 2.
1
Suppose 0 = -5*r + 5*g + 75, 3*r - 63 = -2*r + 2*g. What is the remainder when r is divided by 4?
3
Suppose i + 2 = 0, -2*r = -3*r + 5*i + 36. Let j = -24 + 74. What is the remainder when j is divided by r?
24
Let a(x) = x - 4*x - 2*x + 4*x - 4. Let y be a(-6). Suppose -5*b = y*k - 30, -4*b - 6 = -5*k + 3. Calculate the remainder when k is divided by 3.
2
Suppose 6*q - 2*q = 16. Let t(m) = m**2 + 8*m + 11. What is the remainder when t(-8) is divided by q?
3
Suppose 0 = -4*l - 3*s + 12, 3*l + 5 = -5*s + 3. Let q be (-2 - (-2 + 0)) + -2. What is the remainder when (32/20)/(q/(-20)) is divided by l?
4
Let v(h) = -7 + 4 - 105*h + 127*h - 6. Suppose 0 = -3*u + 4*s + 33, 47 = 2*u + 4*s + 5. What is the remainder when v(3) is divided by u?
12
Suppose 3*o = 53 - 155. Let j = 55 + o. What is the remainder when 40 is divided by j?
19
Suppose 7*n + 97 = 4*m + 2*n, -5*m + 65 = 5*n. Calculate the remainder when 124 is divided by m.
16
Let h = -7 + 6. What is the remainder when 45 is divided by (2 + h)/((-1)/(-23))?
22
Let d(q) = q**3 - 11*q**2 + 12*q. Calculate the remainder when 57 is divided by d(10).
17
Suppose h - 3*h + 76 = 0. Suppose 42 = u + 2*u. What is the remainder when h is divided by u?
10
Suppose 3*h - l = -0*l - 3, -2*l - 12 = 3*h. Let o(p) = 4*p**2 - p + 1. Let q = -26 - -80. Calculate the remainder when q is divided by o(h).
16
Suppose 2*t + 6*t - 256 = 0. What is the remainder when 61 is divided by t?
29
Suppose -2*u - g + 20 + 35 = 0, -g + 142 = 5*u. Calculate the remainder when u is divided by 11.
7
Let l be 8/(-20) - (-4)/10. Suppose 4*o - o - 129 = l. Calculate the remainder when o is divided by 22.
21
Let v(u) = 26*u**2 - 7 - 2 + 13*u - 25*u**2. Calculate the remainder when 14 is divided by v(-14).
4
Let w = 1 + 6. Let k(f) = -f**3 + 7*f**2 - 6*f + 3. Let l(s) = s**3 + 6*s**2 + 6. Let t be l(-6). Calculate the remainder when w is divided by k(t).
1
Let q(v) be the first derivative of v**2/2 + 19*v + 2. Suppose -3*s + 4*l - 21 = 5*l, -3*l = -5*s - 49. Calculate the remainder when 32 is divided by q(s).
10
Let h be (0 - -2)*-1*-1. Let b(y) = -y**h - 2 - 1 + 8 + 4*y. What is the remainder when 9 is divided by b(4)?
4
Suppose -5*d + 15 = 2*o, 0 = 3*o - 0*d + 2*d - 17. Suppose -4*f + 3 = -o. What is the remainder when 55/30 + 2/12 is divided by f?
0
Let y(v) = 5*v + 2. Calculate the remainder when y(2) is divided by 8.
4
Let f(r) = r**2 + 5*r + 3. Let s(g) = 2*g**2 - 4*g + 1. Let d be s(3). Let y = d - 5. What is the remainder when f(-5) is divided by y?
1
Let h be (2/4)/(2/(-76)). Let q = h - -32. Let v = 21 - q. What is the remainder when 23 is divided by v?
7
Calculate the remainder when 51/6 + (-6)/4 is divided by 3.
1
Let y = 429 - 296. Suppose 5*v - 142 = y. Suppose 4*r = -r + v. Calculate the remainder when 32 is divided by r.
10
Suppose -210 = 2*c - 7*c + w, 0 = -4*w + 20. Calculate the remainder when c is divided by 5.
3
Let u(v) = 3*v**3 - 4*v + 3. Let j(z) = -z + 5. Suppose -3*b - 2*f = -5, 2 = b - 5*f - 11. Let t be j(b). Calculate the remainder when u(t) is divided by 10.
9
Let v be 13 - -3 - 0/2. Let j be (-3)/(3/v) + 1. Let t = j - -25. What is the remainder when t is divided by 4?
2
Let z(v) = -v**3 + 5*v**2 - v. Let y be z(5). Let r = y + 37. What is the remainder when r is divided by 2*11*(21/6 + -3)?
10
Let d = 9 - 4. What is the remainder when 14 is divided by d?
4
Let s(o) = -o**3 + 14*o**2 + 15*o + 8. What is the remainder when 21 is divided by s(15)?
5
Suppose 0 = f - 4*f - 12. Let k = f + 12. Suppose -5*i - 3 = -108. What is the remainder when i is divided by k?
5
Suppose 0 = -3*s + s - 4*i + 38, 4*s - 4*i = 100. Calculate the remainder when s is divided by 6.
5
Calculate the remainder when 58 is divided by 2/(-3)*27/18 + 13.
10
Suppose 2*w - 3 = 2*r + 11, -r = -3*w + 27. Let p = -6 + w. Calculate the remainder when 10 is divided by p.
2
Calculate the remainder when 8/(-20)*(-21 + 1) is divided by (-3)/(1/(1/(-1))).
2
Let y = -18 - -55. Calculate the remainder when 107 is divided by y.
33
Let y(i) = i**2 + 6*i + 3. Let t(x) = -x**2 + 6*x + 1. Let h be t(7). Let f be y(h). What is the remainder when f/2 + (-142)/(-4) is divided by 13?
11
Let x(o) = -14*o - 3. Calculate the remainder when 32 is divided by x(-1).
10
Let h = 12 - 6. Calculate the remainder when 9 is divided by h.
3
Let n(w) = -3*w**2 + 56. What is the remainder when n(0) is divided by 17 - (-2 - (-3 - -3))?
18
Let p(g) = 19*g - 40. What is the remainder when 30 is divided by p(3)?
13
Let s be (-2 - -20)*(-2)/4. Let y = 20 + s. Calculate the remainder when y is divided by 6.
5
Let j(a) be the third derivative of -a**6/120 + a**5/60 - 2*a**3/3 + a**2. Let f be j(3). Calculate the remainder when 13 is divided by (-4)/22 - 114/f.
3
Suppose 0*s - 4*s + 104 = 0. What is the remainder when s is divided by -3 - -5 - -2 - (-1 + -2)?
5
Let c = -13 + 46. Calculate the remainder when c is divided by 9.
6
Suppose -32 - 253 = -19*x. Calculate the remainder when 35 is divided by x.
5
Suppose 93 = 6*w + 21. Calculate the remainder when 94 is divided by w.
10
Suppose 4*c - 18 - 178 = 0. What is the remainder when c is divided by 13?
10
Calculate the remainder when 21 is divided by 22/3*6/4.
10
What is the remainder when 2 is divided by ((-8)/6)/(4/(-6))?
0
Let 